{"id":16273,"date":"2024-12-11T14:16:56","date_gmt":"2024-12-11T14:16:56","guid":{"rendered":"https:\/\/cucciolieallevamenti.it\/?page_id=16273"},"modified":"2024-12-11T14:33:37","modified_gmt":"2024-12-11T14:33:37","slug":"cocker-inglese","status":"publish","type":"page","link":"https:\/\/cucciolieallevamenti.it\/?page_id=16273","title":{"rendered":"Cocker Spaniel Inglese"},"content":{"rendered":"\t\t<div data-elementor-type=\"wp-page\" data-elementor-id=\"16273\" class=\"elementor elementor-16273\" data-elementor-post-type=\"page\">\n\t\t\t\t<div class=\"elementor-element elementor-element-1f3620f3 e-flex e-con-boxed e-con e-parent\" data-id=\"1f3620f3\" data-element_type=\"container\" data-e-type=\"container\">\n\t\t\t\t\t<div class=\"e-con-inner\">\n\t\t\t\t\t<\/div>\n\t\t\t\t<\/div>\n\t\t<div class=\"elementor-element elementor-element-24ef4064 e-flex e-con-boxed e-con e-parent\" data-id=\"24ef4064\" data-element_type=\"container\" data-e-type=\"container\">\n\t\t\t\t\t<div class=\"e-con-inner\">\n\t\t\t\t<div class=\"elementor-element elementor-element-3aad54e5 elementor-invisible elementor-widget elementor-widget-theme-post-title elementor-page-title elementor-widget-heading\" data-id=\"3aad54e5\" data-element_type=\"widget\" data-e-type=\"widget\" data-settings=\"{&quot;_animation&quot;:&quot;fadeIn&quot;,&quot;_animation_delay&quot;:300}\" data-widget_type=\"theme-post-title.default\">\n\t\t\t\t<div class=\"elementor-widget-container\">\n\t\t\t\t\t<h1 class=\"elementor-heading-title elementor-size-default\">Cocker Spaniel Inglese<\/h1>\t\t\t\t<\/div>\n\t\t\t\t<\/div>\n\t\t\t\t<div class=\"elementor-element elementor-element-5b724f35 elementor-skin-carousel elementor-arrows-yes elementor-pagination-type-bullets elementor-pagination-position-outside elementor-widget elementor-widget-media-carousel\" data-id=\"5b724f35\" data-element_type=\"widget\" data-e-type=\"widget\" data-settings=\"{&quot;skin&quot;:&quot;carousel&quot;,&quot;effect&quot;:&quot;slide&quot;,&quot;show_arrows&quot;:&quot;yes&quot;,&quot;pagination&quot;:&quot;bullets&quot;,&quot;speed&quot;:500,&quot;autoplay&quot;:&quot;yes&quot;,&quot;autoplay_speed&quot;:5000,&quot;loop&quot;:&quot;yes&quot;,&quot;pause_on_hover&quot;:&quot;yes&quot;,&quot;pause_on_interaction&quot;:&quot;yes&quot;,&quot;space_between&quot;:{&quot;unit&quot;:&quot;px&quot;,&quot;size&quot;:10,&quot;sizes&quot;:[]},&quot;space_between_tablet&quot;:{&quot;unit&quot;:&quot;px&quot;,&quot;size&quot;:10,&quot;sizes&quot;:[]},&quot;space_between_mobile&quot;:{&quot;unit&quot;:&quot;px&quot;,&quot;size&quot;:10,&quot;sizes&quot;:[]}}\" data-widget_type=\"media-carousel.default\">\n\t\t\t\t<div class=\"elementor-widget-container\">\n\t\t\t\t\t\t\t\t\t<div class=\"elementor-swiper\">\n\t\t\t\t\t<div class=\"elementor-main-swiper swiper\" role=\"region\" aria-roledescription=\"carousel\" aria-label=\"Slides\">\n\t\t\t\t<div class=\"swiper-wrapper\">\n\t\t\t\t\t\t\t\t\t\t\t<div class=\"swiper-slide\" role=\"group\" aria-roledescription=\"slide\">\n\t\t\t\t\t\t\t\t\t<div class=\"elementor-carousel-image\" role=\"img\" aria-label=\"DSC_0111\" style=\"background-image: url(&#039;https:\/\/cucciolieallevamenti.it\/wp-content\/uploads\/2024\/12\/DSC_0111.jpeg&#039;)\">\n\n\t\t\t\n\t\t\t\t\t<\/div>\n\t\t\t\t\t\t\t\t<\/div>\n\t\t\t\t\t\t\t\t\t\t\t<div class=\"swiper-slide\" role=\"group\" aria-roledescription=\"slide\">\n\t\t\t\t\t\t\t\t\t<div class=\"elementor-carousel-image\" role=\"img\" aria-label=\"DSC_0045\" style=\"background-image: url(&#039;https:\/\/cucciolieallevamenti.it\/wp-content\/uploads\/2024\/12\/DSC_0045.jpg&#039;)\">\n\n\t\t\t\n\t\t\t\t\t<\/div>\n\t\t\t\t\t\t\t\t<\/div>\n\t\t\t\t\t\t\t\t\t\t\t<div class=\"swiper-slide\" role=\"group\" aria-roledescription=\"slide\">\n\t\t\t\t\t\t\t\t\t<div class=\"elementor-carousel-image\" role=\"img\" aria-label=\"DSC_0098\" style=\"background-image: url(&#039;https:\/\/cucciolieallevamenti.it\/wp-content\/uploads\/2024\/12\/DSC_0098.jpg&#039;)\">\n\n\t\t\t\n\t\t\t\t\t<\/div>\n\t\t\t\t\t\t\t\t<\/div>\n\t\t\t\t\t\t\t\t\t\t\t<div class=\"swiper-slide\" role=\"group\" aria-roledescription=\"slide\">\n\t\t\t\t\t\t\t\t\t<div class=\"elementor-carousel-image\" role=\"img\" aria-label=\"DSC_0045\" style=\"background-image: url(&#039;https:\/\/cucciolieallevamenti.it\/wp-content\/uploads\/2024\/12\/DSC_0045.jpg&#039;)\">\n\n\t\t\t\n\t\t\t\t\t<\/div>\n\t\t\t\t\t\t\t\t<\/div>\n\t\t\t\t\t\t\t\t\t\t\t<div class=\"swiper-slide\" role=\"group\" aria-roledescription=\"slide\">\n\t\t\t\t\t\t\t\t\t<div class=\"elementor-carousel-image\" role=\"img\" aria-label=\"DSC_0086\" style=\"background-image: url(&#039;https:\/\/cucciolieallevamenti.it\/wp-content\/uploads\/2024\/12\/DSC_0086.jpg&#039;)\">\n\n\t\t\t\n\t\t\t\t\t<\/div>\n\t\t\t\t\t\t\t\t<\/div>\n\t\t\t\t\t\t\t\t\t\t\t<div class=\"swiper-slide\" role=\"group\" aria-roledescription=\"slide\">\n\t\t\t\t\t\t\t\t\t<div class=\"elementor-carousel-image\" role=\"img\" aria-label=\"DSC_0031\" style=\"background-image: url(&#039;https:\/\/cucciolieallevamenti.it\/wp-content\/uploads\/2024\/12\/DSC_0031.jpg&#039;)\">\n\n\t\t\t\n\t\t\t\t\t<\/div>\n\t\t\t\t\t\t\t\t<\/div>\n\t\t\t\t\t\t\t\t\t<\/div>\n\t\t\t\t\t\t\t\t\t\t\t\t\t\t\t<div class=\"elementor-swiper-button elementor-swiper-button-prev\" role=\"button\" tabindex=\"0\" aria-label=\"Precedente\">\n\t\t\t\t\t\t\t<svg aria-hidden=\"true\" class=\"e-font-icon-svg e-eicon-chevron-left\" viewBox=\"0 0 1000 1000\" xmlns=\"http:\/\/www.w3.org\/2000\/svg\"><path d=\"M646 125C629 125 613 133 604 142L308 442C296 454 292 471 292 487 292 504 296 521 308 533L604 854C617 867 629 875 646 875 663 875 679 871 692 858 704 846 713 829 713 812 713 796 708 779 692 767L438 487 692 225C700 217 708 204 708 187 708 171 704 154 692 142 675 129 663 125 646 125Z\"><\/path><\/svg>\t\t\t\t\t\t<\/div>\n\t\t\t\t\t\t<div class=\"elementor-swiper-button elementor-swiper-button-next\" role=\"button\" tabindex=\"0\" aria-label=\"Successivo\">\n\t\t\t\t\t\t\t<svg aria-hidden=\"true\" class=\"e-font-icon-svg e-eicon-chevron-right\" viewBox=\"0 0 1000 1000\" xmlns=\"http:\/\/www.w3.org\/2000\/svg\"><path d=\"M696 533C708 521 713 504 713 487 713 471 708 454 696 446L400 146C388 133 375 125 354 125 338 125 325 129 313 142 300 154 292 171 292 187 292 204 296 221 308 233L563 492 304 771C292 783 288 800 288 817 288 833 296 850 308 863 321 871 338 875 354 875 371 875 388 867 400 854L696 533Z\"><\/path><\/svg>\t\t\t\t\t\t<\/div>\n\t\t\t\t\t\t\t\t\t\t\t\t\t\t\t\t<div class=\"swiper-pagination\"><\/div>\n\t\t\t\t\t\t\t\t\t\t\t\t<\/div>\n\t\t\t\t<\/div>\n\t\t\t\t\t\t\t\t<\/div>\n\t\t\t\t<\/div>\n\t\t<div class=\"elementor-element elementor-element-69e8d804 e-con-full e-flex e-con e-child\" data-id=\"69e8d804\" data-element_type=\"container\" data-e-type=\"container\">\n\t\t\t\t<div class=\"elementor-element elementor-element-46e215d2 elementor-widget elementor-widget-heading\" data-id=\"46e215d2\" data-element_type=\"widget\" data-e-type=\"widget\" data-widget_type=\"heading.default\">\n\t\t\t\t<div class=\"elementor-widget-container\">\n\t\t\t\t\t<h5 class=\"elementor-heading-title elementor-size-default\">Origine<\/h5>\t\t\t\t<\/div>\n\t\t\t\t<\/div>\n\t\t\t\t<div class=\"elementor-element elementor-element-16581f36 elementor-widget elementor-widget-text-editor\" data-id=\"16581f36\" data-element_type=\"widget\" data-e-type=\"widget\" data-widget_type=\"text-editor.default\">\n\t\t\t\t<div class=\"elementor-widget-container\">\n\t\t\t\t\t\t\t\t\t<p>Gran Bretagna<\/p>\t\t\t\t\t\t\t\t<\/div>\n\t\t\t\t<\/div>\n\t\t\t\t<div class=\"elementor-element elementor-element-774728cf elementor-widget elementor-widget-heading\" data-id=\"774728cf\" data-element_type=\"widget\" data-e-type=\"widget\" data-widget_type=\"heading.default\">\n\t\t\t\t<div class=\"elementor-widget-container\">\n\t\t\t\t\t<h5 class=\"elementor-heading-title elementor-size-default\">Utilizzo<\/h5>\t\t\t\t<\/div>\n\t\t\t\t<\/div>\n\t\t\t\t<div class=\"elementor-element elementor-element-3fbcc518 elementor-widget elementor-widget-text-editor\" data-id=\"3fbcc518\" data-element_type=\"widget\" data-e-type=\"widget\" data-widget_type=\"text-editor.default\">\n\t\t\t\t<div class=\"elementor-widget-container\">\n\t\t\t\t\t\t\t\t\t<p>Cane da cerca<\/p>\t\t\t\t\t\t\t\t<\/div>\n\t\t\t\t<\/div>\n\t\t\t\t<div class=\"elementor-element elementor-element-1da7f00c elementor-widget elementor-widget-heading\" data-id=\"1da7f00c\" data-element_type=\"widget\" data-e-type=\"widget\" data-widget_type=\"heading.default\">\n\t\t\t\t<div class=\"elementor-widget-container\">\n\t\t\t\t\t<h5 class=\"elementor-heading-title elementor-size-default\">Comportamento \/ Carattere<\/h5>\t\t\t\t<\/div>\n\t\t\t\t<\/div>\n\t\t\t\t<div class=\"elementor-element elementor-element-5141a67a elementor-widget elementor-widget-text-editor\" data-id=\"5141a67a\" data-element_type=\"widget\" data-e-type=\"widget\" data-widget_type=\"text-editor.default\">\n\t\t\t\t<div class=\"elementor-widget-container\">\n\t\t\t\t\t\t\t\t\t<p>Il Cocker Spaniel Inglese \u00e8 un cane docile ed estremamente sensibile. Come tutti i cani da caccia ha un innato istinto sociale, per cui \u00e8 adatto a vivere in famiglia e con altri animali. \u00c8 vivace e cerca coccole e carezze sia dal padrone che dagli estranei. Viene ritenuto un cane testardo, tuttavia \u00e8 addestrabile e intelligente, necessita per\u00f2 di un addestramento costante e senza &#8220;strappi alle regole&#8221; poich\u00e9 \u00e8 facilmente viziabile. Di carattere allegro, con la coda che scodinzola sempre, mostrando un tipico movimento agitato, specialmente quando segue una pista, senza alcun timore dei terreni infestati dai rovi. Gentile ed affettuoso, ma pieno di vita e di esuberanza.<br \/>E\u2019 importante fargli\u00a0fare regolarmente dell\u2019esercizio fisico.<br \/>Contrariamente a quanto si possa pensare il Cocker Spaniel Inglese non \u00e8 un cane da salotto, \u00e8 un cane da caccia\u00a0e ha un\u00a0bisogno di correre, annusare, cercare e dare sfogo alle sue infinite energie.\u00a0 Nonostante questa sua esuberanza il\u00a0Cocker Spaniel inglese\u00a0\u00e8\u00a0un cane sereno e allegro\u00a0infatti \u00e8 molto utilizzato nei percorsi di pet therapy.<br \/>Cocker Spaniel inglese\u00a0\u00e8 un cane per tutti ed affidandosi ad Allevatori seri e competenti (cosa che per altro dovrebbe essere fatta per la scelta di goni cane di razza), si pu\u00f2 essere certi di far entrare in casa\u00a0un cane equilibrato ed estremamente intelligente.<\/p>\t\t\t\t\t\t\t\t<\/div>\n\t\t\t\t<\/div>\n\t\t\t\t<div class=\"elementor-element elementor-element-132df8 elementor-widget elementor-widget-heading\" data-id=\"132df8\" data-element_type=\"widget\" data-e-type=\"widget\" data-widget_type=\"heading.default\">\n\t\t\t\t<div class=\"elementor-widget-container\">\n\t\t\t\t\t<h5 class=\"elementor-heading-title elementor-size-default\">Brevi cenni storici<\/h5>\t\t\t\t<\/div>\n\t\t\t\t<\/div>\n\t\t\t\t<div class=\"elementor-element elementor-element-4eefbaea elementor-widget elementor-widget-text-editor\" data-id=\"4eefbaea\" data-element_type=\"widget\" data-e-type=\"widget\" data-widget_type=\"text-editor.default\">\n\t\t\t\t<div class=\"elementor-widget-container\">\n\t\t\t\t\t\t\t\t\t<p>I Cocker Spaniels sono stati riconosciuti come razza a parte rispetto ai Field e Springer Spaniels subito dopo la fondazione del Kennel Club, nel 1873. In origine la razza era conosciuta con il nome di \u201ccocking spaniel\u201d, per la sua capacit\u00e0 di far alzare in volo le beccacce. Come per alcune altre razze da caccia, attualmente esiste una differenza tra i soggetti d\u2019esposizione e quelli destinati alla caccia: il Cocker d\u2019esposizione \u00e8 pi\u00f9 robusto e pi\u00f9 pesante rispetto a quello utilizzato per il lavoro.<br \/>Il\u00a0Cocker Spaniel inglese\u00a0era molto adatto a lavorare nelle paludi, per via della sua\u00a0capacit\u00e0 di nuotatore, sui terreni pianeggianti e anche boschivi, canneti ed acquitrini dove sfodera le sue\u00a0capacit\u00e0 di cercatore.<\/p>\t\t\t\t\t\t\t\t<\/div>\n\t\t\t\t<\/div>\n\t\t\t\t<div class=\"elementor-element elementor-element-56774c80 elementor-widget elementor-widget-heading\" data-id=\"56774c80\" data-element_type=\"widget\" data-e-type=\"widget\" data-widget_type=\"heading.default\">\n\t\t\t\t<div class=\"elementor-widget-container\">\n\t\t\t\t\t<h5 class=\"elementor-heading-title elementor-size-default\">Aspetto generale<\/h5>\t\t\t\t<\/div>\n\t\t\t\t<\/div>\n\t\t\t\t<div class=\"elementor-element elementor-element-6ff9bfba elementor-widget elementor-widget-text-editor\" data-id=\"6ff9bfba\" data-element_type=\"widget\" data-e-type=\"widget\" data-widget_type=\"text-editor.default\">\n\t\t\t\t<div class=\"elementor-widget-container\">\n\t\t\t\t\t\t\t\t\t<p>Il Cocker Spaniel Inglese \u00e8 un cane allegro, forte, sportivo; molto armonioso e compatto.\u00a0Misura, dal garrese al suolo pressappoco quanto dal garrese alla radice della coda.<br \/>Il\u00a0Cocker Spaniel Inglese\u00a0ha un\u00a0corpo robusto, compatto, armonico ed elegante, ha una\u00a0struttura muscolare\u00a0ben sviluppata con\u00a0collo\u00a0di lunghezza moderata e muscoloso. Inserito in spalle ben inclinate e privo di giogaia.<br \/>La caratteristica del Cocker Spaniel Inglese sta nel suo tronco rettangolare. Ha le orecchie a forma di lobo, attaccate basse a livello degli occhi, sono rivestite di pelle sottile; se estese raggiungono la punta del tartufo. Ben ricoperte di frange\u00a0<br \/>con peli lunghi, lisci e setosi. <br \/>Gli occhi sono pieni ma non prominenti, di colore\u00a0<br \/>marrone scuro o marrone (nocciola nei soggetti fegato, bianco fegato ecc.).\u00a0<br \/>Esprimono dolcezza ed intelligenza, pur conservando\u00a0<br \/>un\u2019espressione sveglia e vivace. <br \/>L\u2019attaccatura della coda del Cocker spaniel inglese \u00a0\u00e8 leggermente pi\u00f9 bassa della linea dorsale, deve essere in frenetico movimento durante l\u2019azione e portata orizzontalmente e mai rivolta verso l\u2019alto.<\/p>\t\t\t\t\t\t\t\t<\/div>\n\t\t\t\t<\/div>\n\t\t\t\t<div class=\"elementor-element elementor-element-1f1e8891 elementor-widget elementor-widget-heading\" data-id=\"1f1e8891\" data-element_type=\"widget\" data-e-type=\"widget\" data-widget_type=\"heading.default\">\n\t\t\t\t<div class=\"elementor-widget-container\">\n\t\t\t\t\t<h5 class=\"elementor-heading-title elementor-size-default\">Taglia \/ Peso<\/h5>\t\t\t\t<\/div>\n\t\t\t\t<\/div>\n\t\t\t\t<div class=\"elementor-element elementor-element-7c9a90f3 elementor-widget elementor-widget-text-editor\" data-id=\"7c9a90f3\" data-element_type=\"widget\" data-e-type=\"widget\" data-widget_type=\"text-editor.default\">\n\t\t\t\t<div class=\"elementor-widget-container\">\n\t\t\t\t\t\t\t\t\t<p>Il Cocker Spaniel Inglese \u00e8 un cane di taglia media con peso approssimativo da considerarsi tra i 13 e i 14,5 kg.<br \/>L\u2019altezza ideale al garrese \u00e8 da considerarsi tra i 39 \u2013 41 cm per i maschi e i 38 \u2013 39 cm per le femmine<\/p>\t\t\t\t\t\t\t\t<\/div>\n\t\t\t\t<\/div>\n\t\t\t\t<div class=\"elementor-element elementor-element-4e76944 elementor-widget elementor-widget-heading\" data-id=\"4e76944\" data-element_type=\"widget\" data-e-type=\"widget\" data-widget_type=\"heading.default\">\n\t\t\t\t<div class=\"elementor-widget-container\">\n\t\t\t\t\t<h5 class=\"elementor-heading-title elementor-size-default\">Mantello \/ Pelo \/Colore<\/h5>\t\t\t\t<\/div>\n\t\t\t\t<\/div>\n\t\t\t\t<div class=\"elementor-element elementor-element-302aed97 elementor-widget elementor-widget-text-editor\" data-id=\"302aed97\" data-element_type=\"widget\" data-e-type=\"widget\" data-widget_type=\"text-editor.default\">\n\t\t\t\t<div class=\"elementor-widget-container\">\n\t\t\t\t\t\t\t\t\t<p>Il Cocker Spaniel Inglese presenta un pelo piatto, di tessitura serica, mai del tipo \u201cfilo di ferro\u201d, ne\u0301 ondulato. Non troppo abbondante e mai arricciato. Gli arti anteriori, il tronco e i posteriori, sopra i garretti, sono ben guarniti di frange.<\/p><p>Le colorazioni riconosciute nel Cocker Spaniel Inglese sono:<br \/>Unicolore: nero; rosso; dorato; fegato (cioccolato); nero focato; fegato focato; il bianco non e\u0300 ammesso se non in piccola quantita\u0300 sul petto. <br \/>Multicolore: <br \/>Bicolore; nero e bianco; arancione e bianco; fegato e bianco; limone e bianco. Tutti con o senza moschettature. <br \/>Tricolore: nero, bianco e focato; fegato, bianco e focato.<br \/>Roano: blu roano; arancione roano; limone roano; fegato roano; blu roano focato; fegato roano focato.<\/p>\t\t\t\t\t\t\t\t<\/div>\n\t\t\t\t<\/div>\n\t\t\t\t<\/div>\n\t\t\t\t\t<\/div>\n\t\t\t\t<\/div>\n\t\t<div class=\"elementor-element elementor-element-6ecdc2d3 e-flex e-con-boxed e-con e-parent\" data-id=\"6ecdc2d3\" data-element_type=\"container\" data-e-type=\"container\">\n\t\t\t\t\t<div class=\"e-con-inner\">\n\t\t<div class=\"elementor-element elementor-element-36a48c49 e-con-full e-flex e-con e-child\" data-id=\"36a48c49\" data-element_type=\"container\" data-e-type=\"container\">\n\t\t\t\t<div class=\"elementor-element elementor-element-4f353c79 elementor-widget elementor-widget-heading\" data-id=\"4f353c79\" data-element_type=\"widget\" data-e-type=\"widget\" data-widget_type=\"heading.default\">\n\t\t\t\t<div class=\"elementor-widget-container\">\n\t\t\t\t\t<h5 class=\"elementor-heading-title elementor-size-default\">Disponibilit\u00e0<\/h5>\t\t\t\t<\/div>\n\t\t\t\t<\/div>\n\t\t\t\t<div class=\"elementor-element elementor-element-20b1c30e elementor-widget elementor-widget-text-editor\" data-id=\"20b1c30e\" data-element_type=\"widget\" data-e-type=\"widget\" data-widget_type=\"text-editor.default\">\n\t\t\t\t<div class=\"elementor-widget-container\">\n\t\t\t\t\t\t\t\t\t<p>Per conoscere le disponibilit\u00e0 attuali dei nostri cuccioli, non esitate a contattarci direttamente.<br \/>Saremo felici di fornirvi tutte le informazioni di cui avete bisogno!<\/p>\t\t\t\t\t\t\t\t<\/div>\n\t\t\t\t<\/div>\n\t\t\t\t<\/div>\n\t\t\t\t\t<\/div>\n\t\t\t\t<\/div>\n\t\t\t\t<\/div>\n\t\t","protected":false},"excerpt":{"rendered":"<p>Precedente Successivo Origine Gran Bretagna Utilizzo Cane da cerca Comportamento \/ Carattere Il Cocker Spaniel Inglese \u00e8 un cane docile ed estremamente sensibile. Come tutti i cani da caccia ha un innato istinto sociale, per cui \u00e8 adatto a vivere in famiglia e con altri animali. \u00c8 vivace e cerca coccole e carezze sia dal [&hellip;]<\/p>\n","protected":false},"author":2,"featured_media":0,"parent":16075,"menu_order":0,"comment_status":"closed","ping_status":"closed","template":"","meta":{"footnotes":""},"class_list":["post-16273","page","type-page","status-publish","hentry"],"_links":{"self":[{"href":"https:\/\/cucciolieallevamenti.it\/index.php?rest_route=\/wp\/v2\/pages\/16273","targetHints":{"allow":["GET"]}}],"collection":[{"href":"https:\/\/cucciolieallevamenti.it\/index.php?rest_route=\/wp\/v2\/pages"}],"about":[{"href":"https:\/\/cucciolieallevamenti.it\/index.php?rest_route=\/wp\/v2\/types\/page"}],"author":[{"embeddable":true,"href":"https:\/\/cucciolieallevamenti.it\/index.php?rest_route=\/wp\/v2\/users\/2"}],"replies":[{"embeddable":true,"href":"https:\/\/cucciolieallevamenti.it\/index.php?rest_route=%2Fwp%2Fv2%2Fcomments&post=16273"}],"version-history":[{"count":5,"href":"https:\/\/cucciolieallevamenti.it\/index.php?rest_route=\/wp\/v2\/pages\/16273\/revisions"}],"predecessor-version":[{"id":16296,"href":"https:\/\/cucciolieallevamenti.it\/index.php?rest_route=\/wp\/v2\/pages\/16273\/revisions\/16296"}],"up":[{"embeddable":true,"href":"https:\/\/cucciolieallevamenti.it\/index.php?rest_route=\/wp\/v2\/pages\/16075"}],"wp:attachment":[{"href":"https:\/\/cucciolieallevamenti.it\/index.php?rest_route=%2Fwp%2Fv2%2Fmedia&parent=16273"}],"curies":[{"name":"wp","href":"https:\/\/api.w.org\/{rel}","templated":true}]}}